Let n(z) = 9*z - 21*z - 16*z**2 + z**3 + 31*z - 11. Let f be n(15). What is the highest common factor of 7 and f?
7
Let i(b) = b**3 - b + 2. Let s be i(2). Let z(v) = v**2 - v - 2. Let t be z(-2). What is the highest common divisor of t and s?
4
Let j = -2 - -12. Let p = 82 - j. What is the highest common factor of 9 and p?
9
Let v(d) = 39*d - 1. Let h be v(-1). Let u be (h/16)/((-1)/6). Suppose -432 = -5*g + 168. What is the highest common factor of u and g?
15
Suppose 28 = 6*w - 2*w. Calculate the greatest common factor of w and 1.
1
Let m(f) = -f**3 + 7*f**2 + 3*f - 13. Let a be m(3). What is the greatest common factor of 352 and a?
32
Let z = 57 + 15. What is the highest common divisor of z and 54?
18
Suppose 0 = 5*d + 5*f - 14 - 36, 0 = 4*f - 4. Suppose -3*b + 6*b = 0. Let n be 246/3 - (b - -1). Calculate the highest common divisor of n and d.
9
Let y = -10 - -24. Suppose -2*x + 4*q = -28, -4*q - y = -x - 7*q. Let t be ((-2)/4 - -1)*x. What is the greatest common factor of t and 49?
7
Suppose q + 4 = 6. Let i be (3 - q)/(2/38). What is the greatest common factor of i and 38?
19
Suppose 90 = 3*g + 2*g. Let q(l) = -3*l**2 - 83*l - 42. Let a be q(-27). What is the highest common divisor of a and g?
6
Suppose 0 = z + 5*t - 4 - 2, -2*z + 2*t = -24. Calculate the greatest common divisor of 2 and z.
1
Let j be (-16)/(-40) - (-26)/10. Let d be 3 - (0 - (2 - j)). Suppose -2*z + 56 = -x - 0*x, -z - d*x = -38. What is the greatest common divisor of z and 12?
6
Suppose -7*k - 4*k + 66 = 0. Suppose 12 = 2*x + 4*n, n - 6*n - 30 = -5*x. What is the highest common divisor of x and k?
6
Let w(u) = u**3 - u**2 - 3*u + 1. Suppose 0 = -3*q + 7 + 11. Suppose -g = g - q. Let k be w(g). Calculate the highest common factor of 10 and k.
10
Let w = 3 - -6. Let p be 122/6 + (-3)/w. What is the greatest common divisor of p and 80?
20
Let d(y) = -y**2 + 12*y - 9. Let n be d(10). Calculate the greatest common divisor of n and 88.
11
Let a be (-25 + 3)/((-1)/6). Calculate the greatest common factor of 12 and a.
12
Let f = 21 - 5. Suppose 0 = 4*m - 6*m + f. Calculate the greatest common divisor of m and 16.
8
Suppose 2*p + 10 = 7*p, 5*p - 22 = -2*n. Suppose 72 = 2*z + z. Calculate the highest common factor of n and z.
6
Let l(p) = p**2 - p. Let a be l(6). Suppose 2*h = h - 4*k + 330, 990 = 3*h + 2*k. Calculate the highest common divisor of h and a.
30
Let n = 12 - 5. What is the greatest common factor of n and 7?
7
Let o(i) = -2 - 2*i - 5 - 3*i - i**3 + 2 - 5*i**2. Let w be o(-5). Calculate the greatest common factor of w and 4.
4
Let q = -22 + 49. Calculate the highest common factor of 9 and q.
9
Let u(g) = 4*g**2. Let w be u(1). Suppose 4*j + w*d = -32, j - 5*j - 5*d = 29. Let z be -3*(-6)/9 - j. What is the greatest common divisor of 13 and z?
13
Suppose -5*m + z = -249, -3*m - 6*z = -2*z - 154. What is the highest common divisor of m and 75?
25
Let g(c) = -53*c - 3. Let h be g(-2). Suppose -f = 5*n + 193, -3*f + h = -5*n - 78. Let p = -16 - n. What is the highest common divisor of p and 2?
2
Let y be (-45)/6*(-8)/(-10). Let j be 111/6 + y/(-4). Calculate the highest common factor of 8 and j.
4
Let m(r) = -r**3 + r - 2. Let s be m(0). Let j be -2 + (s - -3 - -26). What is the greatest common factor of j and 275?
25
Let m be (-4 + 1)/3 - 13. Let q be 2*m*(-9)/6. Calculate the greatest common factor of q and 14.
14
Suppose -9 = -16*h + 13*h. Let p = -82 + 58. Let m = p + 36. What is the highest common factor of h and m?
3
Let g be 2/(4/154 - 0). Suppose 4*x = -4*r + 8, -x + 0*r + 8 = -2*r. Suppose -18 = -3*q - 3*z, x*z = -6 + 2. Calculate the greatest common divisor of q and g.
7
Suppose -q + 237 = 2*v - 0*q, 0 = 3*v + 5*q - 338. What is the highest common factor of v and 11?
11
Let g = 156 - 79. Let j be (0 - -5)*80/(-50). Let q = 15 + j. What is the greatest common factor of g and q?
7
Let l = 1 - 3. Let q = 4 + l. Calculate the greatest common divisor of 2 and q.
2
Let b(w) = -w**3 + 11*w**2 - 11*w - 6. Let h be b(9). What is the highest common factor of 19 and h?
19
Suppose -28 = -0*r - 2*r. Suppose r = x + 5. What is the highest common divisor of x and 1?
1
Let z be 15 - 1 - (-6 - -11). Calculate the greatest common factor of 18 and z.
9
Suppose -68*y = -69*y + 56. Suppose w = -5 + 19. What is the greatest common factor of y and w?
14
Suppose r + 3*r = -2*l + 6, 3*l - 3 = -4*r. Let f(q) = -5*q - 2*q + 3*q. Let y be f(l). What is the highest common divisor of y and 12?
12
Let y be (4 - -1) + 4 - 3. Calculate the highest common divisor of 48 and y.
6
Suppose 4*q + 3*r = -20, -3*q = r + 21 - 6. Let g be 3 - q*(2 - 1). What is the highest common factor of 16 and g?
8
Let a(g) = 4*g + 2. Let f be a(-3). Let k = 21 + f. Calculate the highest common divisor of k and 99.
11
Let l = 43 + -30. Suppose -2*a - y = -95, -47 = 2*a - 3*a - y. Suppose 0 = -4*h + 108 + a. Calculate the highest common factor of l and h.
13
Let z be (-18)/(-5) + (-2)/(-5). Suppose -740 = -5*y - 5*l, -272 = -3*y + y + z*l. Let q be -2*(-2 - -18)/(-2). Calculate the greatest common factor of q and y.
16
Let y = -4 - -7. Calculate the greatest common factor of y and 24.
3
Let h(a) = -a**3 - 3*a**2 + 8*a + 4. Let b be -3 + 3*6/(-9). Let u be h(b). Calculate the greatest common divisor of u and 56.
14
Let o be 15/(((-18)/(-8))/9). Calculate the highest common factor of o and 90.
30
Let z = -212 + 373. What is the highest common factor of z and 23?
23
Let b = 4 + -2. Suppose -b*d + 4 = 2. What is the highest common factor of d and 2?
1
Let f be (1 + 2 + -1)*6. Let g(q) = -2 + 13*q + 13*q - 3*q + 2*q. Let z be g(2). What is the greatest common factor of f and z?
12
Suppose -4*a = -26 - 238. Suppose -4*u = -2 - a. Calculate the greatest common divisor of u and 119.
17
Suppose 0*u + 260 = 5*u. What is the highest common divisor of 130 and u?
26
Suppose 2*o = -2*o + 276. Calculate the greatest common divisor of o and 46.
23
Let f = 197 + -174. Calculate the highest common factor of f and 115.
23
Let d = 44 + 6. Let x be (-20)/(-3)*(6 - 3). Calculate the highest common divisor of x and d.
10
Suppose q - 4*b = 20, 3*q - 3*b - 32 = 2*b. Suppose -52 = -5*k - 3*u, -2*u = -k + 2*u - 8. What is the greatest common factor of k and q?
4
Let o = -38 + 50. What is the highest common divisor of 36 and o?
12
Let g be 10/4*24/10. Suppose 2*s + g = 4*s. Calculate the highest common factor of s and 3.
3
Let g = -44 - -51. Calculate the highest common factor of g and 14.
7
Let q be (-72)/28*(-140)/2. What is the greatest common divisor of 20 and q?
20
Let z be ((-20)/(-50))/(1/30). Let f(v) = -37*v**3 - v**2. Let w be f(-1). What is the greatest common divisor of z and w?
12
Suppose 1711 = 3*v + 5*d, -4*v - 324 + 2562 = -2*d. Let f be 6/(-21) - v/(-7). Calculate the highest common divisor of f and 10.
10
Suppose 4 + 18 = -l. Let z be l*(2 + (-21)/6). What is the highest common divisor of 3 and z?
3
Suppose -63 = -3*i - 42. Let y = -78 - -134. Calculate the greatest common divisor of i and y.
7
Let y(s) = 5*s - 1. Let n be y(1). Suppose n*w = 4*r + 572, -4*w - 286 = -6*w + 4*r. What is the highest common factor of w and 13?
13
Let h be (3 - -8) + -3 + 1. Suppose 6*j = 212 - 50. Calculate the greatest common divisor of h and j.
9
Let k(t) = -t**2 - 13*t + 24. Let o be k(-9). Suppose 2*h - 8 - 16 = 0. Calculate the greatest common factor of h and o.
12
Let b(m) = -36*m. Suppose -2*k = 2*k - 24. Let q = 2 - k. Let p be b(q). What is the highest common divisor of p and 16?
16
Let s(f) = -f**2 + 10*f - 3. Suppose 2 + 10 = 3*p. Let v be s(p). What is the greatest common divisor of 21 and v?
21
Suppose -2*v = 2*n - 8, 7 = -4*n - 1. Let y(w) = 2*w**2 - 8*w - 6. Let f be y(v). Suppose -f = -d + 33. What is the greatest common factor of d and 34?
17
Let t be 2/(1/2 - (-4)/8). What is the greatest common factor of t and 16?
2
Suppose -2*f + 2 = -78. Let n be (9/(-6))/(54/20 - 3). What is the greatest common divisor of n and f?
5
Let r = 6 + -2. Calculate the greatest common factor of r and 4.
4
Let p(d) = d**2 - 5*d + 4. Let r be p(5). Suppose r*k - 22 = -w, w + 3*k + 12 = 5*w. Suppose w*t - 2*t = 60. What is the greatest common factor of t and 105?
15
Suppose 24 + 0 = 3*j. Let f be (-4)/(-18) + 716/18. Calculate the highest common 